 digit of q?
3
Let c = 229 + -152. Let j be (-14)/c - 1/(33/(-105)). What is the units digit of (-204 - -3)*j*2/(-6)?
1
Let h(b) = -364*b - 38 - 476*b - 178*b + 14*b. What is the units digit of h(-1)?
6
What is the hundreds digit of (-68868)/(-10) + (-1 - (-42)/35)?
8
Let n(i) = -15*i + 102. Let a(s) = 13*s - 101. Let f(h) = -5*a(h) - 6*n(h). What is the hundreds digit of f(20)?
3
Let s(y) = 3*y - 25. Let k be s(10). Let x be k/(4 + 6)*934. Suppose -3*g + 26 = 5*q - 733, 4*g + x = 3*q. What is the units digit of q?
3
Let c be (7830/12)/(1/(-2)). Let s = 1830 + c. What is the hundreds digit of s?
5
Let x(w) be the second derivative of w**4/4 + 19*w**3/6 + 27*w**2/2 - w - 5. What is the units digit of x(-16)?
1
Let p be ((-16)/40)/((-2)/80). Suppose 4*w = p, -3*w - 508 = -4*c - w. Let a = c + -45. What is the units digit of a?
4
Suppose 276*k + 20054 = 282*k - 32428. What is the hundreds digit of k?
7
Let m = 239 + -240. What is the tens digit of (4/1*m - 0) + 186?
8
Let i(o) = 459 - 226 - 254 + 437*o. What is the hundreds digit of i(1)?
4
Let y(o) be the second derivative of 24*o**3 - 157*o**2 - 111*o. What is the tens digit of y(15)?
4
Suppose -2*m + 241 = 237. Suppose m*p = 5*g - 4138, 20*g + p = 17*g + 2485. What is the units digit of g?
8
Suppose 2*j - 14*g - 11146 = 0, -j = 3*g - 3676 - 1917. What is the hundreds digit of j?
5
Let n = 17335 - 11547. What is the tens digit of n?
8
Suppose 5*s - 84023 = -2*b, 3*s + 30356 - 80747 = -5*b. What is the ten thousands digit of s?
1
Let u(l) = 31*l**2 - 2*l + 1. Suppose 6 = 4*i - 2*i. Suppose 6 = i*n + 3. What is the units digit of u(n)?
0
Let x be (-3 - (1 - 2)) + 1087. Let i = x + -707. Suppose 10 + i = 4*n. What is the units digit of n?
7
What is the tens digit of (5/30*-2 + 0)*0 + 1942?
4
Suppose -3*b = 4*l - 14258, 0 = 63*b - 67*b - l + 19002. What is the thousands digit of b?
4
Suppose 4*v + 2775 = 3*b, -5*v + 4*b - 857 = 2613. What is the tens digit of ((-23)/5 - -5)*v/(-3)?
9
Let t = -325 - -520. Let n = -101 + t. What is the units digit of n?
4
Suppose 4*l + 36 = -12. Let d(y) = y**3 + 17*y**2 - 12*y + 16. Let c be d(l). Suppose 0 = 4*x - 9*x + c. What is the tens digit of x?
7
Let h(m) = -16299*m + 61. What is the units digit of h(-1)?
0
Let f = 208 - 208. Suppose -4*k + 6*o - 8*o + 22 = 0, -4*k - o + 17 = f. What is the units digit of k?
3
Let p be (241/2)/(-3*(-7)/(-42)). Let l = 350 - p. Suppose -11*q + l = -421. What is the tens digit of q?
9
Let l(j) = 9*j + 3. Let w = -43 - -44. Let c be l(w). What is the tens digit of (-33)/c*4/(-1)?
1
Let u = -12915 + 19795. What is the units digit of u?
0
Let i = 990 - -460. Let z = i + -1029. What is the hundreds digit of z?
4
Let h(g) = g. Let d be h(1). Suppose -c - t + d = -1, -3 = -2*c - 3*t. What is the tens digit of (228/10)/(48/15 - c)?
1
Suppose 62848 = 3*j + 4*h, -4*h - 104672 = -47*j + 42*j. What is the hundreds digit of j?
9
Suppose -90*n + 2653521 + 1324127 = 562868. What is the hundreds digit of n?
9
Let t = 108 + -70. What is the units digit of 19/t + 30*78/8?
3
Let g(h) be the second derivative of h**4/6 + 6*h**3 + 13*h**2/2 + 5*h. What is the tens digit of g(-24)?
0
Let r(n) = 21*n**2 + n + 13. Suppose -8 = o + x, 19 = -5*o + 2*x + 7. What is the units digit of r(o)?
5
Let n(y) = -21*y - 38. Let j be n(-2). Suppose -278 = -m + j*v, 5*m - 863 = v + 527. What is the units digit of m?
8
Suppose 25*z - 86604 - 5220 = 109626. What is the thousands digit of z?
8
Suppose y - 17 = 6*b - 5*b, 12 = y + 4*b. Let f be (y/16)/((-2)/((-1328)/2)). Let x = -229 + f. What is the tens digit of x?
0
Let x(h) = 92*h + 87. Let n(m) = 46*m + 45. Let y(o) = -5*n(o) + 3*x(o). What is the tens digit of y(14)?
8
Let j(y) = 5669*y**2 + 188*y. What is the thousands digit of j(1)?
5
Let k be (140/5)/(2/166). Let b = -1508 + k. What is the hundreds digit of b?
8
Let d be 13/(78/(-18)) + (13 - -1). Let p(t) = 2*t**3 - 3*t**2 + 12*t - 16. Let i be p(d). Suppose -10*x + 31*x - i = 0. What is the tens digit of x?
1
Let j = -525 + 525. Suppose j = 265*r - 268*r + 573. What is the tens digit of r?
9
Let v(i) = 42*i - 9. Let t = 114 - 107. What is the tens digit of v(t)?
8
What is the ten thousands digit of 11706 - (1*0/(21/7))/(-1)?
1
What is the hundreds digit of 11*(107 + 0 + 6 + -2)*1?
2
Let w = 70 - 69. Let x be (w + -119)/((-4)/12*1). Suppose -17*v + 19*v - x = 0. What is the tens digit of v?
7
Suppose -6298*s + 6297*s + 7726 = 0. What is the thousands digit of s?
7
Let f be (-7)/((-273)/(-26)) - (-3358)/6. Let v = 777 - f. What is the units digit of v?
8
Suppose -5*b = -5*x + 70, 2*b - 2*x = 2*x - 30. Let a be (-1 - -2)*-7 - (10 + b). What is the units digit of a - -13*(-3 + 4)?
9
Let d = 11701 + -2922. What is the tens digit of d?
7
What is the thousands digit of 6/(-3) + -2 - (-3988)/(-2 + 4)?
1
Let v = -157 + 3036. What is the units digit of v?
9
Let p = -19 - -31. What is the tens digit of (-3610)/(-14) + p/(-14) + 1?
5
What is the tens digit of ((2 - -1837)*(-7)/7)/((-57)/551)?
7
Suppose -6*j = j + 21*j - 514948. What is the hundreds digit of j?
3
Suppose 261141 = 40*b - 22299. What is the thousands digit of b?
7
Suppose 4165 = -28*u - 4095. What is the units digit of 2/6*-9*u?
5
Let h(z) = z**3 - 3*z**2 - 4*z + 3. Let v be h(4). What is the hundreds digit of v + -2 - (-400)/(7 + -3)?
1
What is the ten thousands digit of (0 - (5 + 8448))*-2?
1
Suppose 0 = -60*h + 53*h + 42. What is the units digit of 21*898/6*h/21?
8
Let s(i) = i**3 - 2*i**2 + 17*i + 58. Let t be s(-6). Let u = t - -863. What is the units digit of u?
1
Let x be 407 - (-5)/((-30)/12). Suppose 7*y - 2428 = -x. What is the units digit of y?
9
Suppose b - 34*l = -33*l + 2282, b - 2276 = -2*l. What is the units digit of b?
0
Let v(n) = 108*n**3 - 4*n - 1. Let c be v(2). Suppose -10*q = 5*q - c. What is the units digit of q?
7
Suppose -129729 = 43*s - 1813093. What is the tens digit of s?
4
Suppose -6*c + 5*s - 7 = -9*c, -22 = 2*c - 2*s. What is the units digit of 20 + -15 - (-3)/c*-2906?
8
Let p(i) = -i**3 + 14*i**2 - i + 14. Let q be p(14). What is the units digit of q/(-1) - (-29 - 590)?
9
Let b = 5082 + -2217. What is the thousands digit of b?
2
Suppose 6*a = 2*a + 280. Let d = -167 - -152. Let v = d + a. What is the units digit of v?
5
Let x = 40 + -26. Let c be ((-8)/x + 0)*(-14)/4. What is the tens digit of c*33/6*(-18)/(-2)?
9
Let m be 1 + ((-3)/12)/(11/(-132)). Suppose 0 = -3*q + 23*x - 18*x + 2857, -m*q = -3*x - 3791. What is the tens digit of q?
4
Suppose 41238 = -3*m + 61*m. What is the hundreds digit of m?
7
Let h be ((-960)/50)/16*(4 + 1). What is the hundreds digit of (-10696)/((-72)/9) + h?
3
Suppose -5*d - 3*k + 124958 = 0, -d + 2*k = k - 24982. What is the ten thousands digit of d?
2
Let q be (4/(32/762))/(7/(-28)). Let l = q - -669. Suppose -3*b + 249 = -l. What is the units digit of b?
9
Suppose -14*o + 173 = 47. What is the hundreds digit of (-8*(-21)/28)/(o/534)?
3
Suppose -69*s + 4015036 = 113*s - 2496924. What is the tens digit of s?
8
Let t(y) = 2 + 12 - 151*y + 155*y + 29*y**2. What is the units digit of t(-3)?
3
Let g = 122647 + -69613. What is the ten thousands digit of g?
5
Let g be 1 + (-14)/2 + 66 + -73. What is the hundreds digit of (g/((-65)/(-6)))/(2/(-1150))?
6
Let r(v) = -35*v**3 + v**2 - v + 1. Let u be (1 - (11 - 8)) + (1 - 1). What is the tens digit of r(u)?
8
Suppose -127*p - 71*p - 632216 = -250*p. What is the units digit of p?
8
Let g = 12644 - 4392. What is the units digit of g?
2
Let m(s) = -588*s + 10*s**2 - 2*s**2 + 10 + 581*s. What is the tens digit of m(-7)?
5
What is the thousands digit of ((-24)/(-19 - -17))/(1/441)?
5
Let m = -38838 - -60113. What is the hundreds digit of m?
2
Suppose 668549 + 122874 + 190712 = 77*z. What is the hundreds digit of z?
7
Suppose -7 = 2*h - z - 22, -5*z = -h + 30. Suppose 0 = -h*f + 3*s + 5351, -6*s + 9*s = -6. What is the thousands digit of f?
1
Suppose 16*w - 348946 - 378020 = 89914. What is the tens digit of w?
5
Let r = 580 + -2233. Let q = r + 2363. What is the units digit of q?
0
Suppose -4*m = y - 2*y + 20, 5*m - 100 = -5*y. Let f(z) be the second derivative of 5*z**3/3 + 6*z**2 - z - 2. What is the tens digit of f(y)?
1
Let d = -1056 + 61. Let j = d - -1819. What is the units digit of j?
4
Let z = 47 